culate 7 + 0 + -10 + 1.
-2
Evaluate 2 + 2 - (-17 + 21).
0
1 + 1 - (8 - (13 + -8))
-1
What is the value of (5 - (13 - 3)) + 7 - 8?
-6
Calculate (8 - 7 - 12) + 4.
-7
What is (4 - 5) + 3 + 3?
5
Evaluate -3 - -14 - (34 + -25).
2
What is (-2 - -1) + -75 + 67?
-9
What is 7 + (6 - 9) + 0?
4
Evaluate (-4 + -1 - -10) + -7 - -4.
2
9 + (-3 - 8) - -3
1
-6 + 0 + 14 - 4
4
(3 - 0) + 0 + 3 + -3
3
What is the value of -2 + -2 + (5 - 0)?
1
Evaluate -1 + -3 + -4 + 13.
5
Calculate 0 + -7 - ((-12 - -3) + 6).
-4
Evaluate -5 + 1 + (19 - 9).
6
Evaluate 4 - 2 - (-2 + 0 + 5).
-1
(-10 - (1 + (5 - 4))) + 6
-6
Evaluate -3 - (4 + -3 - 0) - -6.
2
Calculate -2 - (-3 + 5 + -8).
4
What is the value of -1 - ((5 - 3) + 2)?
-5
What is the value of -3 - (-6 + -6 + 7)?
2
What is the value of -1 + -4 + (3 - 3 - -1)?
-4
What is -1 - (1 - (2 - 4) - 2)?
-2
(2 - 1 - 3) + -7 + 7
-2
What is -3 - -3 - (-7 - -10)?
-3
-3 + 0 + -1 + 4 + -3
-3
What is the value of -5 + 2 + 2 - -4?
3
What is 7 + -4 - 1 - -5 - 5?
2
-1 - ((-2 - -2) + (-8 - -5))
2
1 - -3 - (17 + (-14 - 5))
6
Evaluate 0 + (4 - (-6 + 3 - -3)).
4
Evaluate (-6 - -4 - -8) + -3.
3
Evaluate 0 + 4 - 2 - 5.
-3
What is 3 + 0 + (-1 - (0 + 2))?
0
What is the value of 2 + 3 - (0 + 3)?
2
What is (0 - -4) + (15 - 14) + -4?
1
6 + (6 + -1 - 16)
-5
Evaluate 4 - (9 - 3) - (3 - 7).
2
Evaluate -37 + 12 + 11 + 10.
-4
What is the value of -3 + -4 + (-3 + 2 - -3)?
-5
What is -5 - (-1 - 4) - (0 - 0)?
0
What is (-8 - -11) + -2 + 5 + -2?
4
What is the value of (-4 - -1) + -1 + (1 - -4)?
1
-4 - (3 + 3 + 0 - 17)
7
(-2 + 1 - (3 + -2)) + -2
-4
What is 1 + (1 - (-9 - -17))?
-6
Calculate (14 - 2) + -7 + -2.
3
(31 - 23) + 3 + -11
0
Calculate (3 + -1 - 7) + (-3 - -8).
0
What is (4 - -4) + (1 - (-2 - -11))?
0
What is -2 + -5 + (-5 - -8) - -11?
7
Evaluate -6 + 1 + 0 - (-1 + -8).
4
What is 2 - (-2 + 4 + 2 + -5)?
3
What is -3 - 1 - (-4 - -4)?
-4
What is 1 - 0 - 4 - (2 + -2)?
-3
Calculate 3 + (1 - (3 - 1)) + 2.
4
What is the value of -4 + 3 + (-3 - 1) + 7?
2
Evaluate 1 - (-2 - (-4 - -6)).
5
What is 0 - ((-8 - -5) + 3 + -4)?
4
Evaluate -2 - -1 - 0 - -2.
1
What is 0 + 0 + 4 + 6?
10
-7 + 3 + 31 + -26
1
What is the value of 1 + 2 - (-5 + 21 + -11)?
-2
Calculate 5 - (4 - 1) - (1 - -3).
-2
Evaluate -79 - -81 - (-1 + -2).
5
Evaluate 2 + -5 - (-11 - (-6 - -2)).
4
-4 + 4 + 2 - (12 - 11)
1
-3 + (5 - 4) + -2
-4
Evaluate (4 - (4 + 3)) + 7 + -1.
3
Calculate 1 - 8 - (-11 - -8).
-4
-3 + (-1 - -1) - -3 - -2
2
-1 + -1 + (0 - -1)
-1
6 + -7 - (2 + 1)
-4
What is (0 + 2 - -2) + 1?
5
Evaluate -13 + 6 + -6 + 3 + 2.
-8
0 - (5 + 0 + (-39 - -39))
-5
What is the value of 0 + 3 + 4 + -3 + 1?
5
Calculate 38 + -42 + (-1 - -1) + 4.
0
What is (-16 - -7) + 1 - -7?
-1
Calculate -5 - (1 - (-4 + 15 + -3)).
2
What is -8 - -2 - (-10 + 5) - -3?
2
Evaluate (-14 - (-6 - 0)) + 11.
3
Evaluate 2 + (89 - 85 - (1 - -4)).
1
Calculate (-3 - (2 - 6)) + -8.
-7
What is the value of -8 + 6 + 2 + -5?
-5
What is the value of -1 + 1 + (3 - 0 - -3)?
6
What is -14 - (-11 + 2 - 0)?
-5
6 + (-11 - -6) + 4
5
Evaluate 0 + -4 + (0 - -3).
-1
Calculate -3 - (-3 - (-1 + (-3 - -3))).
-1
What is -3 - (-2 + -1 + 4)?
-4
What is the value of 3 - 3 - (-5 + 9) - -8?
4
What is -3 + 20 + -37 + 26?
6
Evaluate 14 - 0 - (38 - 32).
8
13 + (-3 - 12) + 1
-1
(-2 - -3 - 3) + -1
-3
10 + 6 + (-5 - 4)
7
Evaluate ((-9 - -2) + 5 - -4) + -6.
-4
(-2 - 7 - -13) + -2
2
Evaluate -2 + (2 - (-5 + 1)).
4
What is the value of (1 - -2) + -5 - (-9 - -2)?
5
Evaluate 4 + 1 - (26 + -23).
2
Calculate 1 + 9 + -4 + -14 - 2.
-10
Calculate 8 + -1 - (-3 + 8).
2
Calculate (5 - (8 + -4)) + -10.
-9
What is 0 - (-5 + -7 + 13 + 3)?
-4
What is the value of (5 + -4 - -2) + -1?
2
What is the value of (11 - -1) + (-1 - (-3 + 7))?
7
-7 - (-6 - (3 + -2))
0
What is 4 - ((-3 - 5) + 16)?
-4
Evaluate -5 + -3 + (5 - (2 + -3)).
-2
What is 13 - (-8 + 19 + -5)?
7
Evaluate (2 - (21 + -22)) + 0 + -3.
0
What is the value of (-7 - 0) + 4 - -1?
-2
Evaluate 1 + (-1 - (-4 - -1)) - 5.
-2
What is 0 - -1 - (-3 + (1 - -3))?
0
What is (-1 - 1) + 5 + 1 - 10?
-6
Evaluate (0 - (-7 + 10)) + (1 - 6).
-8
What is (-3 - -8 - -2) + -3 - 2?
2
-3 + 3 + -8 + -8 - -6
-10
Evaluate (12 - 6) + (-9 - -10).
7
Calculate -442 - -446 - (5 - 0 - 1).
0
What is (2 - 2 - -3) + -1?
2
Evaluate 0 - -11 - (-1 + 6).
6
Calculate (32 - 29) + (1 - 5).
-1
What is the value of (-8 - -2) + (16 - 9)?
1
Calculate 16 - ((15 - 7) + 1).
7
What is the value of 16 + -6 + -4 - 1?
5
Calculate -4 - -4 - 0 - -4 - 2.
2
What is the value of -14 + 11 + -6 - -8?
-1
What is the value of 4 - 8 - 0 - -4?
0
Evaluate 13 - -4 - 11 - 0.
6
-8 - -11 - -2 - -2
7
What is the value of 20 - 8 - -1 - (5 + 1)?
7
Evaluate 19 + 9 + -22 + 3.
9
(-3 - -5) + 0 + -3
-1
2 + (1 - (2 - -2) - 2)
-3
Evaluate 5 - (4 + -4 + 5).
0
(5 - 0) + -4 + 3 - -5
9
What is 21 - 18 - (0 - -1)?
2
What is 8 - (2 + (-6 - (8 + -10)))?
10
Evaluate 6 + -8 - (-8 - -2) - 1.
3
(12 - -1) + -3 - 8
2
What is 1 - (-14 + 7 + (5 - 0))?
3
What is the value of (12 - (7 - 3)) + -2 + -1?
5
What is the value of 5 + (1 - -3) + -6 + -4?
-1
Calculate -3 + 6 + -11 + 13.
5
Calculate -4 + (1 - (-3 - 2)).
2
What is -6 - (1 + 5 + -9)?
-3
What is 8 + (7 - (-3 + 12))?
6
What is 17 + -20 + (-1 - 0)?
-4
What is the value of (-2 - 14) + -3 - (5 - 13)?
-11
9 - ((5 - 0) + 0)
4
What is 10 + -9 - (1 - (7 - 1))?
6
8 + -9 + (-7 - -14)
6
0 + (2 + 5 + -2 - 4)
1
Evaluate (0 - 4) + (5 - 7 - -4).
-2
What is the value of 9 + -15 - (-2 - (-3 + 0))?
-7
0 - (-3 - 1) - (-2 + 4)
2
2 - (-11 - (-3 - 6))
4
What is the value of -5 + (1 - -8) + 1 + -2?
3
(-18 + 10 - (2 - 17)) + 0
7
Evaluate 6 - ((5 - -2) + (-2 - 1)).
2
3 + -2 - (-1 + 0 - 0)
2
What is -9 + 0 + 0 + 9?
0
28 + -23 - -2 - (0 - -7)
0
-1 + 0 + -5 + -1 + 3
-4
What is the value of (-3 - -1 - 6 - 0) + 4?
-4
Calculate 2 + (-4 - (-4 + 3)) + -3.
-4
Calculate (-11 - -24) + -23 + 12.
2
What is 5 + (1 + -11 - -5)?
0
What is the value of 10 + (1 - (7 - 2))?
6
1 - (-2 + 3) - -4
4
What is the value of -9 + 2 - 2 - -8?
-1
What is the value of -5 + 9 + -9 - -3?
-2
What is (10 - (8 - 3)) + (1 - 1)?
5
Calculate -13 + (2 - -5 - 1).
-7
Calculate 42 + -45 - (-1 + 0).
-2
What is the value of 1 - (17 + -5 - 5)?
-6
What is the value of 1 + -5 - (9 + -12) - -1?
0
What is (6 - 1) + -12 + 10?
3
Evaluate 1 + 1 - (0 + -4 + 5).
1
(12 - (0 - 0)) + 1 - 4
9
What is the value of 2 + -5 + -4 + 1?
-6
Calculate (3 + -6 - -1) + 5 + -1.
2
Calculate (1 - 12) + 5 + 3 + 3.
0
Calculate (4 - 2) + -6 - (-31 - -28).
-1
What is (14 - (-6 - (6 + -20))) + 2?
8
-3 + (2 - 4) + (11 - -3)
9
Evaluate (1 - -1) + (-3 - (-3 + 1)).
1
What is 6 + 9 + -6 - 5?
4
(-1 + -4 - -2) + -2 - -10
5
Evaluate (5 - (9 + -2)) + -2.
-4
What is the value of 11 + -15 - (-2 + -2)?
0
0 + -4 - (5 - 9 - 2)
2
Calculate (5 - 2) + (-7 - (-4 + -5)).
5
Calculate 1 + (0 - (0 + 0 + -2)).
3
What is 4 - (-10 + 10 - (0 + -3))?
1
Evaluate 0 + -9 + 0 + 8.
-1
(-3 - -20 - -3) + -10
10
Evaluate 6 - (-1 - (-4 + 2)).
5
What is the value of 9 + -4 - (12 + -4)?
-3
Calculate (-31 + 30 - (-1 - -1)) + 1.
0
Calculate -5 + (3 - 4) + 8 - 3.
-1
Evaluate 2 + (3 - 0) + 0 + -2.
3
Evaluate -3 - (-3 - -1) - -8.
7
What is the value of -3 + 4 + 5 + -10?
-4
(5 - (1 - 1)) + 19 + -15
9
13 + 6 + 0 + -14
5
What is the value of 3 + -2 + (-4 - (-7 - -1))?
3
-1 - (7 - (-5 + 8))
-5
What is -7 - (1 - 13) - 9?
-4
Evaluate 0 + (-3 + 4 - 5 - -3).
-1
-14 + -5 + 9 + -1 + 6
-5
Evaluate -3 - (-18 + 5 - (-1 + 0)).
9
What is 2 - (2 + -1) - (1 + -4)?
4
Calculate -2 + 5 + -4 + 2 - -4.
5
6 + -8 + 10 + -4
4
Evaluate 2 + (-3 + -2 - (-4 + -3)).
4
What is the value of -5 + -1 + 1 + (-4 - -6)?
-3
What is 4 + 1 + (0 - -3 - 8)?
0
Evaluate 1 - (17 + -8 + -6).
-2
Calculate 3 - (1 + -3) - 5.
0
What is (-2 - -10) + (-7 - -2)?
3
Evaluate -5 + (-2 - (1 - 4) - -3).
-1
-13 - (0 - (10 - 1))
-4
What is -12 - -8 - -4 - 0?
0
Calculate 10 + -3 + -5 + 1.
3
Evaluate -6 + 8 - (1 - -2).
-1
What is the value of (-6 - -7) + -4 + -4?
-7
Evaluate -6 - (-3 - (-4 - -3)).
-4
Evaluate 4 + (3 - 0 - (3 + 0)).
4
Evaluate 3 + -4 + 1 + 3.
3
Calculate -8 - -5 - (8 + (9 - 10)).
-10
Calculate -3 + 4 + -3 + 0 + 6.
4
Evaluate -2 + (-1 + 4 - 7) - -4.
-2
Evaluate (1 - 5) + 0 - (-9 + 0).
5
What is 1 + -5 - (0 + 0 - 1)?
-3
What is the value of (-1 + -12 - -11) + 2?
0
What is 21 + -29 + (-1 - -12)?
3
What is 15 + (-20 - (2 - 12))?
5
Calculate -146 - -147 - (0 + -3